alse
Is 3899 a prime number?
False
Is 448069 a composite number?
True
Is 462181 prime?
True
Is 190201 a composite number?
True
Is 550903 a composite number?
False
Is 147391 prime?
True
Is 2599 a composite number?
True
Is 48305 a prime number?
False
Is 4177 a composite number?
False
Is 12797 prime?
False
Is 85889 prime?
True
Is 118315 composite?
True
Is 109887 a prime number?
False
Is 2333 a composite number?
False
Is 25693 prime?
True
Is 54299 a composite number?
True
Is 79583 prime?
False
Is 72493 prime?
True
Is 46213 prime?
False
Is 36617 prime?
False
Is 75821 prime?
True
Is 7341 a composite number?
True
Is 2341411 a composite number?
False
Is 37837 a prime number?
False
Is 50411 a prime number?
True
Is 75079 a prime number?
True
Is 1598999 a composite number?
False
Is 3805 composite?
True
Is 1471 composite?
False
Is 41269 composite?
False
Is 116617 prime?
False
Is 79111 a prime number?
True
Is 105319 a prime number?
True
Is 33593 composite?
True
Is 152981 prime?
True
Is 134747 a composite number?
True
Is 289 prime?
False
Is 4483 prime?
True
Is 6001 prime?
False
Is 619363 prime?
True
Is 110189 a prime number?
False
Is 165457 a prime number?
True
Is 9151 a composite number?
False
Is 2999 composite?
False
Is 3397187 a composite number?
False
Is 4679 a composite number?
False
Is 8301 a composite number?
True
Is 1276193 a prime number?
True
Is 23741 composite?
False
Is 25693 composite?
False
Is 6607 prime?
True
Is 3793 a composite number?
False
Is 4946 composite?
True
Is 104579 a prime number?
True
Is 8251 a prime number?
False
Is 1241813 a composite number?
False
Is 2777 prime?
True
Is 33377 composite?
False
Is 4367 prime?
False
Is 638315 composite?
True
Is 2472551 a prime number?
True
Is 1067 composite?
True
Is 73819 a composite number?
False
Is 72133 a prime number?
False
Is 7057 a prime number?
True
Is 4043 composite?
True
Is 5669 prime?
True
Is 69427 a prime number?
True
Is 2426 a prime number?
False
Is 11251 a prime number?
True
Is 5141 prime?
False
Is 519971 a composite number?
False
Is 45587 a prime number?
True
Is 510947 a prime number?
False
Is 2773 a prime number?
False
Is 75917 prime?
False
Is 63157 composite?
True
Is 85081 a composite number?
False
Is 10823 composite?
True
Is 51539 prime?
True
Is 7247 composite?
False
Is 302721 a composite number?
True
Is 11467 a prime number?
True
Is 22045 a composite number?
True
Is 899929 a composite number?
True
Is 17209 composite?
False
Is 6521 a prime number?
True
Is 86969 prime?
True
Is 181061 a composite number?
False
Is 125633 a composite number?
True
Is 11579 a prime number?
True
Is 65 composite?
True
Is 262147 composite?
False
Is 817421 prime?
False
Is 2305807 a composite number?
True
Is 1189 prime?
False
Is 719893 a composite number?
False
Is 76421 prime?
True
Is 90107 prime?
True
Is 11369 a prime number?
True
Is 736373 a prime number?
False
Is 24031 a composite number?
True
Is 114113 a prime number?
True
Is 3659 prime?
True
Is 9005 a prime number?
False
Is 3359 prime?
True
Is 30203 prime?
True
Is 4139 prime?
True
Is 1385 composite?
True
Is 27655 composite?
True
Is 106958 prime?
False
Is 4553 prime?
False
Is 421891 a prime number?
True
Is 23857 a prime number?
True
Is 229263 prime?
False
Is 38509 a prime number?
False
Is 607301 prime?
True
Is 101143 composite?
True
Is 2219 prime?
False
Is 9077 prime?
False
Is 114371 a prime number?
True
Is 18686 a prime number?
False
Is 3163 composite?
False
Is 1198 a composite number?
True
Is 7234 prime?
False
Is 673 composite?
False
Is 742457 composite?
False
Is 104506 prime?
False
Is 2749 composite?
False
Is 2579 a prime number?
True
Is 57149 composite?
False
Is 217619 composite?
False
Is 18098 a composite number?
True
Is 49091 a composite number?
True
Is 212879 prime?
False
Is 30035 prime?
False
Is 24889 composite?
False
Is 2179 a prime number?
True
Is 128227 a composite number?
True
Is 2936689 composite?
True
Is 54097 prime?
False
Is 1266337 a prime number?
True
Is 133769 a composite number?
False
Is 180713 a composite number?
True
Is 366461 prime?
True
Is 16717 a composite number?
True
Is 1323219 a prime number?
False
Is 206993 prime?
True
Is 287719 a composite number?
True
Is 139703 prime?
True
Is 51941 composite?
False
Is 402071 a prime number?
True
Is 977 composite?
False
Is 174487 a composite number?
False
Is 463741 a prime number?
True
Is 165653 composite?
False
Is 95293 prime?
False
Is 112939 composite?
False
Is 1623 composite?
True
Is 693257 a prime number?
True
Is 1589 a prime number?
False
Is 5039 composite?
False
Is 61961 a prime number?
True
Is 6247 a composite number?
False
Is 174799 a prime number?
True
Is 36986 prime?
False
Is 1537 composite?
True
Is 110681 prime?
True
Is 658303 a composite number?
False
Is 10729 a composite number?
False
Is 34807 composite?
False
Is 1840291 a prime number?
False
Is 7349 a composite number?
False
Is 9565 a composite number?
True
Is 6947 prime?
True
Is 149 a prime number?
True
Is 199651 prime?
False
Is 11203 a prime number?
False
Is 341317 a prime number?
False
Is 340027 composite?
False
Is 26905 a prime number?
False
Is 20877 composite?
True
Is 60569 prime?
False
Is 215861 composite?
True
Is 446003 composite?
False
Is 5129 a composite number?
True
Is 21449 a composite number?
True
Is 4874 a composite number?
True
Is 16879 a prime number?
True
Is 220859 a prime number?
True
Is 33457 a composite number?
False
Is 17521 a composite number?
True
Is 62803 a composite number?
True
Is 9277 composite?
False
Is 68251 a composite number?
True
Is 491987 composite?
True
Is 10799 prime?
True
Is 2371 composite?
False
Is 104579 a prime number?
True
Is 77053 prime?
False
Is 20602 a composite number?
True
Is 189109 a prime number?
False
Is 1192673 a prime number?
True
Is 88411 a prime number?
True
Is 41977 a prime number?
False
Is 1861 prime?
True
Is 1538701 a composite number?
False
Is 46709 a composite number?
True
Is 1944929 composite?
True
Is 10481 prime?
False
Is 898 a prime number?
False
Is 3113633 a composite number?
False
Is 145049 a prime number?
False
Is 27151 a prime number?
False
Is 37243 composite?
False
Is 60483 composite?
True
Is 1061 a composite number?
False
Is 7661 a prime number?
False
Is 1156949 composite?
False
Is 4889 prime?
True
Is 11743 prime?
True
Is 23093 composite?
True
Is 77317 a prime number?
True
Is 1361 composite?
False
Is 1165511 composite?
False
Is 22051 a composite number?
False
Is 3387221 prime?
False
Is 1383699 a composite number?
True
Is 145 prime?
False
Is 2773 prime?
False
Is 117313 composite?
True
Is 1576073 a composite number?
False
Is 12443 composite?
True
Is 150661 a prime number?
False
Is 100447 a prime number?
True
Is 13416011 a composite number?
True
Is 4855 a composite number?
True
Is 81539 a composite number?
True
Is 250169 composite?
False
Is 7499 composite?
False
Is 1924213 composite?
True
Is 14429 composite?
True
Is 1497 a composite number?
True
Is 4399 composite?
True
Is 93363 prime?
False
Is 1151 a composite number?
False
Is 7993 a prime number?
True
Is 4387397 prime?
False
Is 11757 prime?
False
Is 23143 a prime number?
True
Is 107599 a composite number?
False
Is 1513 a composite number?
True
Is 30839 prime?
True
Is 10231 prime?
False
Is 334777 composite?
False
Is 5599 a prime number?
False
Is 2129 composite?
False
Is 24403 composite?
True
Is 1186439 prime?
True
Is 717005 a prime number?
False
Is 705739 prime?
False
Is 6899 a prime number?
True
Is 709477 composite?
True
Is 877 a composite number?
False
Is 3607 prime?
True
Is 93134 a composite number?
True
Is 85641 prime?
False
Is 2851991 a composite number?
False
Is 190093 a composite number?
False
Is 1817 composite?
True
Is 205991 a prime number?
True
Is 2881009 a composite number?
False
Is 71023 prime?
True
Is 75307 prime?
True
Is 137567 prime?
True
Is 474053 a prime number?
False
Is 1701509 a prime number?
True
Is 27802 composite?
True
Is 855697 composite?
False
Is 218067 a prime number?
False
Is 191 a composite number?
False
Is 7613 a composite number?
True
Is 3227831 a prime number?
False
Is 5935 a prime number?
False
Is 92767 composite?
False
Is 8311 a prime number?
True
Is 95753 prime?
False
Is 14401 prime?
True
Is 6613 prime?
False
Is 24683 composite?
False
Is 5749 a composite number?
False
Is 154643 com